{"id":63,"date":"2026-04-21T10:29:15","date_gmt":"2026-04-21T10:29:15","guid":{"rendered":"https:\/\/diy.hellulandia.fi\/about\/"},"modified":"2026-04-21T13:56:57","modified_gmt":"2026-04-21T13:56:57","slug":"about","status":"publish","type":"page","link":"https:\/\/diy.hellulandia.fi\/?page_id=63","title":{"rendered":"Meist\u00e4"},"content":{"rendered":"\n\n\nTietoa\n\n\n\n\n\n\n\n\nTietoa meist\u00e4\nMiksi valita Hellulandia?\nHellulandia on omistautunut innovoimaan ja tarjoamaan asiakkailleen parhaat mahdolliset tuotteet. Tavoitteemme on t\u00e4ytt\u00e4\u00e4 asiakkaidemme toiveet ja ylitt\u00e4\u00e4 heid\u00e4n odotuksensa.\n\n\n\n\n\n\n\nNopeat ja tehokkaat ratkaisut tarpeisiisi.\n\n\n97\n\n\n\n\n\nNopeat ja tehokkaat ratkaisut tarpeisiisi.\n\n\n97\n\n\n\nYmm\u00e4rr\u00e4mme asiakkaidemme tarpeet ja tarjoamme parasta asiakaspalvelua.\n\n\n\n\n\n\n\n\nTilastot\n\n\n\n\n\n\n\n\n\n\n\n\n\n\n\n\n\n\n\n\n\n\n\n\n\n\nMiksi valita meid\u00e4t?\n\n\n\n\n\nOta yhteytt\u00e4\n\n\n\n\n\n\n\n\n\n\n\n\n\n\n\nTutustu tiimiimme\nTee yhteisty\u00f6t\u00e4 asiantuntevien ja innostuneiden ammattilaisten kanssa.\n\n\n\n\nTiimimme\nTuotekehitys\n\n\n\n\n\n\n\n\n\n\n\n\n\n\nMarkkinointi\nAsiakaspalvelu\n\n\n\n\n\n\n\n\n\n\n\n\n\n\nLuovuuden johtaja\nSuunnittelu\n\n\n\n\n\n\n\n\n\n\n\n\n\n\nTapahtumap\u00e4\u00e4llikk\u00f6\nMyyntijohtaja\n\n\n\n\n\n\n\n\n\n\n\n\n\nPortfolio\n\n\nTutustu aiempiin projekteihimme ja inspiroidu\n\n\n\n\n\n\n\n\n","protected":false},"excerpt":{"rendered":"","protected":false},"author":1,"featured_media":0,"parent":0,"menu_order":0,"comment_status":"closed","ping_status":"closed","template":"","meta":{"pagelayer_contact_templates":[],"_pagelayer_content":"","footnotes":""},"class_list":["post-63","page","type-page","status-publish","hentry"],"_links":{"self":[{"href":"https:\/\/diy.hellulandia.fi\/index.php?rest_route=\/wp\/v2\/pages\/63","targetHints":{"allow":["GET"]}}],"collection":[{"href":"https:\/\/diy.hellulandia.fi\/index.php?rest_route=\/wp\/v2\/pages"}],"about":[{"href":"https:\/\/diy.hellulandia.fi\/index.php?rest_route=\/wp\/v2\/types\/page"}],"author":[{"embeddable":true,"href":"https:\/\/diy.hellulandia.fi\/index.php?rest_route=\/wp\/v2\/users\/1"}],"replies":[{"embeddable":true,"href":"https:\/\/diy.hellulandia.fi\/index.php?rest_route=%2Fwp%2Fv2%2Fcomments&post=63"}],"version-history":[{"count":2,"href":"https:\/\/diy.hellulandia.fi\/index.php?rest_route=\/wp\/v2\/pages\/63\/revisions"}],"predecessor-version":[{"id":227,"href":"https:\/\/diy.hellulandia.fi\/index.php?rest_route=\/wp\/v2\/pages\/63\/revisions\/227"}],"wp:attachment":[{"href":"https:\/\/diy.hellulandia.fi\/index.php?rest_route=%2Fwp%2Fv2%2Fmedia&parent=63"}],"curies":[{"name":"wp","href":"https:\/\/api.w.org\/{rel}","templated":true}]}}